prime factors of a(w).
2, 11
Suppose -3*w - 2*l = -746, 3*l - 120 = -w + 131. Let b = w - 157. What are the prime factors of b?
7, 13
Suppose -40*n = -22*n - 22806. What are the prime factors of n?
7, 181
Let w be 3/(-4) + 99/36. Suppose 2*t = w + 10. Suppose 0 = m + t - 36. List the prime factors of m.
2, 3, 5
Let i(k) = -107*k**2 + k + 2360. What are the prime factors of i(0)?
2, 5, 59
Suppose -c = -2*a - 5*c + 2, -2*a - c = 1. What are the prime factors of (a/4*-2)/((-10)/(-1480))?
2, 37
Let a = 2866 - 1052. List the prime factors of a.
2, 907
Let t = -650 - -1157. Suppose -189 = -6*y + t. List the prime factors of y.
2, 29
Let z = 1756 - 984. What are the prime factors of z?
2, 193
Let z(w) = -2*w + 2. Let i be z(1). Let g = -18 + 50. Suppose i*x + x = g. List the prime factors of x.
2
Suppose 64 = -52*b + 56*b. Let j(l) = 5*l + 23. List the prime factors of j(b).
103
Suppose 5*o = 2*k - 220, 2*o + 34 + 54 = -k. Let c = o - -111. What are the prime factors of c?
67
Suppose 2*m + 6 = -3*m + 4*s, -10 = 5*m - 5*s. Suppose m*d - 16 - 84 = 0. Suppose -d = -2*h + 2*y, 2*h + h - 59 = -y. List the prime factors of h.
3, 7
Let t(z) = -18*z**2 + 8*z - 5. Let k be t(3). Let q = k + 225. List the prime factors of q.
2, 41
Let f = 1 - -4. Suppose -t - 71 = -4*t + p, 0 = f*t - 4*p - 109. Suppose 0 = 4*y + 4*d - 35 - 25, 3*d = -2*y + t. What are the prime factors of y?
2, 5
Suppose 6*f = 11*f - 1420. Let k = f - 403. Let p = k + 166. List the prime factors of p.
47
What are the prime factors of ((-660374)/(-11))/13 + -4*1?
2, 3, 769
Let g(n) = -n**2 + 17*n + 13. Let z = 62 - 49. List the prime factors of g(z).
5, 13
What are the prime factors of (-1483 - (0 + -1 + -1))*-1?
1481
Let u = 918 + -84. What are the prime factors of u?
2, 3, 139
Let w be (-2)/6 + (-104)/(-24). Suppose -3*k + 36 = w*x, -2*x = -0*x + 5*k - 4. What are the prime factors of x?
2, 3
List the prime factors of ((-6)/2 - -1) + (-94872)/(-201).
2, 5, 47
Let h = -14 + 27. Suppose -h = 5*f - 58. Let u = f - -18. List the prime factors of u.
3
Let x be (-86)/2*(-5)/(5 - 10). Let g = 23 - x. What are the prime factors of g?
2, 3, 11
Let b(k) = -14*k**2 - 1. Suppose 0 = -7*h + 4*h - 3. Let z be b(h). What are the prime factors of -22*(0 + z/10)?
3, 11
Let n(j) = -21*j**3 + 3*j**2 - 1. What are the prime factors of n(-3)?
593
Let c be (-88)/12*9/(-6). Let z(g) = -g**2 + 17*g - 21. Let t be z(c). Let p = t - 25. What are the prime factors of p?
2, 5
Let j be (-6 - 1)/((-7)/(-42)). What are the prime factors of 2*9/6 - j?
3, 5
Let k(w) = 2*w**2. Suppose 0 = -0*m - 6*m + 36. What are the prime factors of k(m)?
2, 3
Let o(u) = -u**3 - 10*u**2 + 2*u + 15. Let x be o(-10). Let h = 22 - x. List the prime factors of h.
3
Let k = 279 + -432. Let u = 286 + k. List the prime factors of u.
7, 19
List the prime factors of 20009/44 - (-10)/8.
2, 3, 19
Suppose 3*w - 3*y - 4215 = 0, 11*w + 4*y + 2818 = 13*w. What are the prime factors of w?
3, 467
Let k = -53 - -29. Let o = 24 + k. What are the prime factors of (39/(-9) + o)*-3?
13
Let c(u) = -369*u + 361. List the prime factors of c(-6).
5, 103
Suppose 2*c + 3*p - 105 = -c, -2*c + 2*p = -90. List the prime factors of 6/10 - (-6056)/c.
2, 19
Suppose 11*t = 7*t - 80. Let g = t + 108. List the prime factors of g.
2, 11
Let r = 1264 + -536. What are the prime factors of r?
2, 7, 13
Let t(q) = -q**3 + q**2 + 9*q + 13. What are the prime factors of t(-6)?
211
Let v(u) = 32*u - 100. What are the prime factors of v(14)?
2, 3, 29
Let j(b) = -b**3 + 12*b**2 + 14*b - 9. Let m be j(13). Suppose -4 = m*h - x, 2*h - h + 5*x + 22 = 0. List the prime factors of (h + 0)/(2/(-20)).
2, 5
Suppose 0 = 144*t - 139*t - 30. List the prime factors of t.
2, 3
Let p(u) = -693*u**3 + 2*u**2 - u - 3. List the prime factors of p(-1).
3, 7, 11
Let q(f) = f**3 - 16*f**2 + 4*f - 12. Let t be q(16). What are the prime factors of t/(-8)*4*-2?
2, 13
Let t = 8 - 4. Suppose -15*q + 10*q + 15 = 0. Suppose -q*d - 5*h = -20, -t*d + 2*h + 49 + 21 = 0. What are the prime factors of d?
3, 5
Suppose -4*o + 3*k = 6*k - 59, -o = 2*k - 16. Let j(w) = w + 4. List the prime factors of j(o).
2, 3
Let w = 1 - -6. Suppose 0 = -w*m + 6*m - 13. Let s(v) = v**2 + 12*v + 6. What are the prime factors of s(m)?
19
Let w(d) = 2*d**2 + 25*d - 15. Let y be w(-13). Let i(r) = 51*r**2 - 7*r + 1. What are the prime factors of i(y)?
3, 73
Suppose 3*q = 6*q - 147. Suppose q = 13*d - 6*d. What are the prime factors of d?
7
What are the prime factors of (1090/(-15) + -3)/(2/(-6))?
227
Let v = 5 - -19. Suppose -27*m + 26*m = -v. What are the prime factors of m?
2, 3
Let b = -378 - -421. List the prime factors of b.
43
Suppose -2*f - t + 1494 = 0, -736 = -2*f + f + 5*t. List the prime factors of f.
2, 373
Let l be (-25)/(-9) + -3 + 48/(-27). List the prime factors of (-28)/(-10)*2*(-25)/l.
2, 5, 7
Let d(b) = -19*b - 17. Let v be d(-4). Suppose v*f = 62*f - 693. List the prime factors of f.
3, 7, 11
Let n(f) = 44*f**2 - 2*f + 6. Let x be (4/(8/5))/((-35)/(-28)). List the prime factors of n(x).
2, 89
Suppose 0 = 6*h + 36 + 48. Let y = h + 30. List the prime factors of y.
2
Let h be ((-524)/(-8))/(1/2). Let v = h + -31. Let f = v - 70. What are the prime factors of f?
2, 3, 5
Suppose -1401 = 5*w - 4*w. What are the prime factors of w/(-21) - 4/(-14)?
67
Suppose 4*c + c - 60 = 0. Suppose 20 = 4*g + c. Suppose -70 = -g*y + 8. What are the prime factors of y?
3, 13
Suppose 4*j = 787 + 1737. List the prime factors of j.
631
Suppose 0 = 3*w + 5*v - v + 33, -3*w + 5*v = 33. Suppose -4*d - 2*a = -90, 5*d - 20 - 93 = -2*a. Let l = w + d. List the prime factors of l.
2, 3
Suppose 2*d = 1467 + 1255. What are the prime factors of d?
1361
Let h = 628 + 4592. What are the prime factors of h?
2, 3, 5, 29
Let c = 94 + -94. Suppose 5*q - 94 - 120 = -3*j, j + 2 = c. What are the prime factors of q?
2, 11
Let r(s) = -s**2 + 582. Let c be r(0). Suppose -84 = 3*o - c. List the prime factors of o.
2, 83
Let h = 709 - 267. List the prime factors of h.
2, 13, 17
Suppose 4*b - 2*l - 116 = 0, -4*l - 64 = -2*b - 0*b. Let u = b - 31. What are the prime factors of 43 + -1 + u + 0?
3, 13
Let c be 1/(3/(4 + -1)). Let n be 3/((-56)/52 + c). Let w = -23 - n. What are the prime factors of w?
2
Let d be 6 - 8 - (0 - -62). Let c = 143 + d. What are the prime factors of c?
79
Let l be -3 - 0 - (-14)/(-7). Let p = 3 - 23. List the prime factors of (-555)/(-12) - l/p.
2, 23
Suppose -7*j = -5*j - z - 59, -5*j + 143 = 2*z. List the prime factors of j.
29
Let q(w) be the third derivative of -w**4/24 + 7*w**3/6 + 4*w**2. Let c(y) = -2*y + 8. Let s(h) = -2*c(h) + 3*q(h). List the prime factors of s(13).
2, 3
Suppose 7*k - 2177 = -0. Let z = k + -183. List the prime factors of z.
2
Suppose 0 = 4*c + 2 - 18. Let s be ((-280)/(-6))/(c/(-12)). What are the prime factors of s/(-8) + 2/4?
2, 3
Suppose 2*o = 4*j - 78, -54 = 5*j - o - 147. Let k = 76 - j. What are the prime factors of k?
2, 29
Suppose -6*a = -2*a + 3*q - 23, 2*q + 13 = 3*a. Suppose a*v + 113 = 4*n - 303, -2*n + 3*v = -206. List the prime factors of n.
109
What are the prime factors of (0 + 1 - -63)*(-544)/(-64)?
2, 17
What are the prime factors of (-2502)/8*(-12)/3?
3, 139
Suppose -4*v - 2*y + 8410 = 0, 3*v - 7*y = -6*y + 6315. What are the prime factors of v?
2, 263
Let p = 613 - 420. List the prime factors of p.
193
Suppose 2*l = -2*c + 644, 5*c = 6*c - l - 322. List the prime factors of c.
2, 7, 23
Let f = 15 + -15. Suppose f = z + 2*i - 24, 2*z + i - 68 = -2*z. Let o = 6 + z. What are the prime factors of o?
2, 11
Let a = 1110 - 267. List the prime factors of a.
3, 281
Suppose 5*f + 4*l - 367 - 1438 = 0, -4*l = -5*f + 1805. Suppose 53 = 6*o - f. List the prime factors of o.
3, 23
List the prime factors of (-11140)/(-25) - (-12)/(-20).
5, 89
Let h = 37 + -52. Suppose -14 = -m - 0*m - 4*o, 3*o - 36 = -5*m. List the prime factors of 22 - m/h*-5.
2, 5
Suppose -43739 + 9377 = -9*y. What are the prime factors of y?
2, 23, 83
Let k(h) be the first derivative of h**3/3 - h**2/2 + 2*h - 6. Let a be k(2). Suppose 0 = 3*u + 2*u + 5, -2*n + a*u + 70 = 0. What are the prime factors of n?
3, 11
Suppose a - 61 + 13 = 0. Suppose 4*x + 12 = a. List the prime factors of x.
3
Suppose -j + 45*j = 99264. What are the prime f